) + 3*c(t). Let y be d(-3). Is (y/2)/((-3)/(-222)) composite?
False
Suppose -2*n = -3*i - 1589, -2*n = -n + i - 802. Is n composite?
True
Suppose 5*v - 2*s - 294 = 47, 0 = -5*v - 4*s + 353. Is v prime?
False
Suppose -f = p - 919, -2*p + 3*f + 1828 = -0*f. Is p a prime number?
False
Is 4 + 137 + (-1 - -5) prime?
False
Suppose -2*f + 3*j = 2, 5*j + 4 = -3*f + 20. Is 807/7 - f/7 prime?
False
Let z be 11/(-4) + (-1)/4. Let i(v) = -3*v**3 - v**2 - 2. Let d be i(-2). Let j = d + z. Is j composite?
True
Is (-1)/(2 - 454/226) composite?
False
Let g(q) = -30*q - 2. Let f be g(-5). Suppose -f = -9*s + 5*s. Is s composite?
False
Let m(p) be the first derivative of 21*p**2 - p + 1. Let w = 5 + -3. Is m(w) prime?
True
Suppose -5*o = -l - 149, 0 = -o + 5*l + 10 + 15. Let i = o + 191. Is i a composite number?
True
Suppose -17876 = -8*c - 6028. Is c composite?
False
Suppose -483 = -2*y - 185. Is y a composite number?
False
Let v = 5 - 3. Suppose -3*m - 132 + 481 = v*g, -138 = -m - 5*g. Is m prime?
True
Suppose 104 + 32 = 4*x. Let r = 47 - x. Is r a composite number?
False
Let y = -137 + 21. Let t = y - -205. Is t prime?
True
Let j(i) = 10*i**2 + 35*i + 2. Is j(7) prime?
False
Suppose 4*x = 13 + 15. Is x prime?
True
Let y(o) be the second derivative of -o**4/12 - 3*o**3/2 - o**2/2 - o. Suppose 4*f + 3*l + 8 = -14, f - 2*l + 11 = 0. Is y(f) composite?
False
Suppose y + 6 = 2*y. Let l = -1175 - -2348. Is l/9 - y/(-9) composite?
False
Let y(z) = -z**3 + 2*z**2 + 5*z. Let m be y(4). Is 88 + (-5)/(20/m) composite?
True
Let q = 15 + -10. Suppose -3*p = 3, q*d - p - 782 = -4*p. Is d composite?
False
Let d be 15/(-6)*(-8)/10. Suppose 4*h + 1651 - 404 = 3*l, 0 = -d*l - 5*h + 793. Is l composite?
False
Let r = -9 - -8. Is 1/(1*r/(-51)) prime?
False
Is (2 + -1)/((3 + 1)/4292) a composite number?
True
Let j(t) = t**3 + t**2 - 2*t - 1. Let g be j(-2). Is (-1)/g*0 - -167 composite?
False
Suppose -5*z + 149 = -91. Suppose -z = -5*p + p. Is ((-207)/p)/((-1)/4) a composite number?
True
Suppose 131 = t + 4*y, 4*t - 2 = -5*y + 489. Is t prime?
False
Suppose -5*i + 1298 = 2*a + a, 4*i - 1035 = a. Is i a prime number?
False
Suppose x - 30 = 5*k, -4*k - 24 = -3*x - 0*x. Let h be 1 + k/3 + 1. Is 15 - (h - (-1 + 1)) prime?
False
Let k(a) = a. Let m be k(3). Suppose -m*v = v - 8. Is -1*(-2 - 27) + v composite?
False
Let j(q) = q - 4. Let h be j(6). Let s(l) = -2*l - 6. Let c be s(-4). Is 20*h - (-1 + c) a composite number?
True
Suppose 0*i + 2*i = 4*w + 34, -i = 1. Let c = w - -23. Is c a prime number?
False
Let u = -253 + 402. Is u composite?
False
Let g(l) = 29*l**2 + l + 11. Is g(6) composite?
False
Let t = 118 + -41. Is t prime?
False
Suppose 0 = n - 1 - 2. Suppose -3 = 3*c + 5*h, h = -n*c + 1 + 8. Is 1/(-4) - (-389)/c composite?
False
Let u = -192 - -485. Is u composite?
False
Let q(c) = 5*c**3 - c + 1. Let u be q(1). Suppose -113 = u*f - 708. Is f prime?
False
Let v(z) = 9*z**2 + 15*z - 31. Is v(14) a composite number?
True
Let v(h) be the first derivative of -63*h**2/2 + 2*h - 5. Is v(-3) a prime number?
True
Let u(c) = 17*c - 5. Let i(o) = 8*o - 3. Let m(g) = 5*i(g) - 2*u(g). Suppose 24 = 4*p + 5*f, -f = 2*p - 2 - 10. Is m(p) a prime number?
True
Let m(w) = 22*w**2 - 11*w + 22. Is m(3) a composite number?
True
Is (1 - 2)*(2 - 3710 - -1) a prime number?
False
Let w(l) = 14*l**2 - 9*l**2 + 89*l**2. Is w(1) composite?
True
Let j(m) be the first derivative of m**2/2 + 9*m - 2. Let l be j(-5). Suppose -v - l*t - 273 = -6*v, -5*v + 288 = t. Is v a prime number?
False
Let k(h) = 2*h**2 + 5*h + 4. Let b be (6 + -1)*(-20)/(-25). Suppose -z - b*p = -0*z + 19, 4 = -p. Is k(z) composite?
False
Is 5/(70/13644) + 20/(-35) prime?
False
Let j be ((-3)/(-6) - 1)*-6. Suppose -64 = 2*w - 2*a - a, 3*a - 90 = j*w. Let b = 93 + w. Is b composite?
False
Is -8 + 707 - 5/(5/(-4)) a prime number?
False
Suppose 0 = -2*y - 739 - 389. Is ((-2)/6)/(4/y) composite?
False
Let c = 9 + -5. Suppose c*x + 3*v - 3 - 2 = 0, 4*v = -4*x. Suppose -x*l - 164 = -2*b, l = -3*b - 48 + 277. Is b a composite number?
True
Suppose 4*a - 21736 = -4*h, -a = -2*h + 13328 - 2457. Is h a prime number?
False
Let k(w) = -2*w + 157. Suppose -3*f = -4*f. Is k(f) a prime number?
True
Let z = 35 - -32. Suppose 5*y - i - 200 = i, y + 5*i = z. Suppose -2*d + 234 = 5*t, -d + 69 + y = 4*t. Is d composite?
False
Suppose 5*a = a + 12. Suppose v = -a*v + 88. Is v prime?
False
Let f be -21*-6*2/9. Suppose -3 = -p + f. Is p a composite number?
False
Suppose 4*h + 15 = -5*u, 3*u + 6 = 4*h - 3. Suppose -703 = -2*x + 637. Suppose 3*r - 209 - x = h. Is r a composite number?
False
Let t(a) = 4*a**2 - 5*a + 1. Let p be t(6). Let s be (0/(-1) + 1)*3. Suppose -s*d = -5*y + p, d = -y + 2*d + 23. Is y a composite number?
False
Let i be (-3 + (-21)/(-6))*4. Suppose -f - 1 = i*x, x + 0*x + 5 = -5*f. Is -1 - x - (3 + -39) a prime number?
False
Let m(t) be the second derivative of 23*t**3/2 - 5*t**2/2 - 2*t. Let a be m(6). Suppose 5*l - 616 = a. Is l a composite number?
True
Suppose 4*h = -3728 - 892. Is h/(-20) + 2/8 prime?
False
Suppose -5*p + 3*j = -13, j + 4*j = 2*p - 9. Suppose 2*m + p*f - 32 = 20, 2*f + 10 = 0. Is m prime?
True
Suppose -4*m + 221 = -6*i + 3*i, 2*m - 4*i - 118 = 0. Is m a prime number?
True
Let y = 149 + -52. Suppose -4*q = r - y, r - q = 2*r - 82. Is r prime?
False
Let q(i) = 2*i + 419. Is q(0) prime?
True
Suppose -320 - 130 = -5*j. Suppose -2*h = -s - 65 - 170, 0 = h + 5*s - j. Is h a prime number?
False
Suppose -5*f - 4*w + 1275 = 0, -4*f = -4*w + 123 - 1179. Is f prime?
False
Let j(z) = -z**3 - 5*z**2 - 2*z - 3. Let a = 1 + -6. Is j(a) prime?
True
Let k = -121 + 239. Is k a prime number?
False
Let f(z) = 18*z**3 - 2*z - 1. Is f(3) a prime number?
True
Let n(x) = 59*x**2 - x. Let i be n(1). Is i + (-3 + 2)/1 prime?
False
Let k = -129 + 388. Is k a composite number?
True
Suppose 2*i + 3*o = 467, -271 = -4*i + 3*o + 672. Is i prime?
False
Let t(h) = 118*h**2 + h + 1. Suppose z - 4 = 3*z. Let n be (-9)/6*z/(-3). Is t(n) a prime number?
False
Suppose 3*b = -0*b + 2*f - 2, 0 = b + 2*f - 10. Suppose n + 158 = b*n. Suppose -c - n = -3*c. Is c a prime number?
True
Let d = -16985 - -28450. Is d a prime number?
False
Suppose j + 5*z = -0*j - 214, -2*z = -3*j - 574. Is 14/(-1)*j/4 composite?
True
Let a(l) = -l - 4. Let v be a(4). Let q(r) = 2*r**2 + 8*r + 4*r + r + 11. Is q(v) a prime number?
False
Is (-5)/((-30)/238)*3 a composite number?
True
Let c(w) = 7*w**3 - 23*w**2 + 20*w + 1. Let i(z) = -3*z**3 + 11*z**2 - 10*z. Let q(r) = 2*c(r) + 5*i(r). Let t be q(7). Suppose 0 = -2*u + t + 8. Is u prime?
True
Suppose -3*x + 13 = 1. Suppose 0 = 2*c - x*h - 326, 2*h - 461 = -3*c + h. Is c prime?
False
Let h be 8/(-3*2/9). Is ((-139)/(-2))/((-6)/h) prime?
True
Let a = 90 + 163. Is a composite?
True
Suppose 0 = 2*a - 385 + 15. Is a a prime number?
False
Suppose 0 = 3*j - 0*j + 3*x - 9, 4 = -2*j + 3*x. Is (-210)/(-6) + j*3 composite?
True
Let a(o) = o**2 - 10*o + 11. Let w be a(9). Suppose 56 = -3*d - z, 5*d + 61 + 47 = w*z. Let t = 33 - d. Is t a prime number?
True
Let r(c) = 2*c**3 + 14*c**2 + 15*c - 1. Let y(j) = j**3 + 7*j**2 + 7*j - 1. Let t(w) = -2*r(w) + 5*y(w). Let p be t(-6). Suppose p*q - 156 = -q. Is q prime?
False
Let v(t) = 42*t**2 - t - 3. Is v(-2) a composite number?
False
Let m = -20 - -20. Let z be (1 + -4)*(-1 + 0). Suppose -w = -m*w - 4*y - 91, -z*y = w - 91. Is w a composite number?
True
Let y(z) = 66*z**2 - 3*z + 2. Let c be y(2). Suppose m + 90 = 2*m - 2*t, 0 = -3*m + t + c. Is m a composite number?
True
Suppose 0 = 6*w - 4*w - 2*f + 840, w = 5*f - 440. Is (20/(-50))/(1/w) a prime number?
False
Suppose 0*h = 3*h - 6, 5*l - 4*h = 8307. Is l composite?
False
Let s(d) = -20*d**3 - 4*d**2 - 2*d + 1. Let p be s(-2). Suppose -5*x = -10*x - 4*g + p, -5*g - 152 = -4*x. Let q = x + -20. Is q a prime number?
True
Is 1*-2*(-6)/(-36)*-993 composite?
False
Let w(z) = z**3 + z**3 + 1 - 2 - 2*z**2. Suppose -22 = -5*k - 2. Is w(k) a composite number?
True
Let o be -2 - (-2 + 1) - -50. Let s = 2 + o. Suppose 0 = -h - 2*q + s, 0 = h + h - q - 107. Is h a prime number?
True
Let h(j) = -j**3 - 25*j**2 + 18*j + 15. Is h(-26) a composite number?
False
Suppose -2*h = 2, -5*c + 670 = 5*h - 20. Is c composite?
False
Let n(w) = -w**2 - 7*w + 6. Let d be